{"id":592,"date":"2026-03-16T10:13:33","date_gmt":"2026-03-16T10:13:33","guid":{"rendered":"http:\/\/shmuel"},"modified":"2026-05-15T16:46:48","modified_gmt":"2026-05-15T16:46:48","slug":"table-elite-automatic-flexion-table","status":"publish","type":"product","link":"https:\/\/tableinmotion.eu\/?product=table-elite-automatic-flexion-table","title":{"rendered":"Table ELITE Automatic Flexion"},"content":{"rendered":"<h3 data-section-id=\"9bom2u\" data-start=\"0\" data-end=\"23\">Flexion automatique<\/h3>\n<p data-start=\"25\" data-end=\"229\" data-is-last-node=\"\" data-is-only-node=\"\">Proposez \u00e0 vos patients un traitement par flexion motoris\u00e9e. R\u00e9glez rapidement les diff\u00e9rents param\u00e8tres du traitement depuis l\u2019unit\u00e9 de commande, tels que la dur\u00e9e du traitement et la vitesse de flexion.<\/p>\n","protected":false},"excerpt":{"rendered":"<p>Table de flexion motoris\u00e9e con\u00e7ue pour une pratique fluide, r\u00e9p\u00e9table et fortement personnalisable.<\/p>\n","protected":false},"featured_media":258,"comment_status":"open","ping_status":"closed","template":"","meta":{"_acf_changed":false},"product_brand":[30],"product_cat":[94,95,96,42,44,43],"product_tag":[91,89,87],"class_list":{"0":"post-592","1":"product","2":"type-product","3":"status-publish","4":"has-post-thumbnail","6":"product_brand-elite","7":"product_cat-table-cox-flexion-distraction-decompression-lombaire","8":"product_cat-table-drop","9":"product_cat-table-elevation","10":"product_cat-table-chiropracteur","11":"product_cat-table-kinesitherapeute","12":"product_cat-table-osteopathe","13":"product_tag-table-cox-flexion-distraction-decompression-lombaire","14":"product_tag-table-drop","15":"product_tag-table-elevation","17":"first","18":"instock","19":"taxable","20":"shipping-taxable","21":"purchasable","22":"product-type-simple"},"acf":[],"_links":{"self":[{"href":"https:\/\/tableinmotion.eu\/index.php?rest_route=\/wp\/v2\/product\/592","targetHints":{"allow":["GET"]}}],"collection":[{"href":"https:\/\/tableinmotion.eu\/index.php?rest_route=\/wp\/v2\/product"}],"about":[{"href":"https:\/\/tableinmotion.eu\/index.php?rest_route=\/wp\/v2\/types\/product"}],"replies":[{"embeddable":true,"href":"https:\/\/tableinmotion.eu\/index.php?rest_route=%2Fwp%2Fv2%2Fcomments&post=592"}],"wp:featuredmedia":[{"embeddable":true,"href":"https:\/\/tableinmotion.eu\/index.php?rest_route=\/wp\/v2\/media\/258"}],"wp:attachment":[{"href":"https:\/\/tableinmotion.eu\/index.php?rest_route=%2Fwp%2Fv2%2Fmedia&parent=592"}],"wp:term":[{"taxonomy":"product_brand","embeddable":true,"href":"https:\/\/tableinmotion.eu\/index.php?rest_route=%2Fwp%2Fv2%2Fproduct_brand&post=592"},{"taxonomy":"product_cat","embeddable":true,"href":"https:\/\/tableinmotion.eu\/index.php?rest_route=%2Fwp%2Fv2%2Fproduct_cat&post=592"},{"taxonomy":"product_tag","embeddable":true,"href":"https:\/\/tableinmotion.eu\/index.php?rest_route=%2Fwp%2Fv2%2Fproduct_tag&post=592"}],"curies":[{"name":"wp","href":"https:\/\/api.w.org\/{rel}","templated":true}]}}